a = -23 + b. What is the tens digit of a?
4
Let u(i) = 2*i**2 - 23*i - 5. Let z(k) = k**2 - 12*k - 2. Let n(y) = -6*u(y) + 11*z(y). What is the units digit of n(6)?
8
Let n be -1*((0 - 26) + 1). What is the tens digit of n - 0 - (-3 - (-8)/2)?
2
Let g = 17 - 14. Suppose -g*z + w = -9, -2*z + 3*w = -w + 4. What is the tens digit of 17 + (1 - 12/z)?
1
Suppose 3*z - b - 10434 = -z, 0 = -3*z + b + 7825. What is the hundreds digit of z?
6
Suppose -4537 = -3*p + 2*s, -3677 = -2*p - s - 650. What is the tens digit of p?
1
What is the units digit of (6 + 7)*(-24)/(-1)?
2
Suppose 0 = -10*r + 6*r + 88. Suppose 0 = 4*y - 3*y - r. What is the tens digit of y?
2
Suppose -3*i - 705 = -y, -4*y - i + 3571 = 790. What is the tens digit of y?
9
Let u = 26 - 14. Suppose -9*j = -u*j - 24. What is the units digit of 525/20 + 2/j?
6
Suppose -237 = -68*f + 65*f. Suppose -v + 228 - f = 0. What is the units digit of v?
9
Suppose -3*r + 4*a + 530 = 0, -5*r + 890 = -7*a + 2*a. What is the units digit of r?
2
Let h(s) be the third derivative of s**5/60 - s**4/24 - 7*s**3/6 - 7*s**2. Let t be h(3). What is the tens digit of (t - (-180)/(-4))/(-1)?
4
Let w(y) = -35*y**3 - y - 2. Let m be w(-1). Suppose 3*s - 109 = -m. What is the tens digit of s?
2
Suppose -x - 353 = -s + 179, 2088 = 4*s + 4*x. What is the units digit of s?
7
Let n(u) = 35*u + 3. Let b be n(-2). Let s = b - -95. Suppose k - s = 2*p, 2*p + 30 = k - 2*p. What is the tens digit of k?
2
Let b = -301 - -886. What is the units digit of b?
5
Suppose -2*u + 5*u = -w + 153, -2*w = -4*u + 214. Let v = 9 + u. Suppose v = s + 3. What is the units digit of s?
8
Suppose 0 = -a - 5*o - 6 + 28, 0 = -5*a - 4*o + 26. Suppose -a*m - 168 = -4*m. What is the units digit of ((-8)/14)/((-24)/m)?
2
Let n be -2 - (4 + -8 + 4 + 4). What is the tens digit of 207 - (n/4)/((-3)/(-8))?
1
Suppose w - 2*w = -2. Let x be -3*(w + -3) + 3. Suppose x*g - 9*g + 186 = 0. What is the units digit of g?
2
Let y(f) = -2*f + f**2 - 12*f + f**2 + 13. Let t(d) = -d**3 - 2*d**2 + 11*d + 21. Let z be t(-4). What is the tens digit of y(z)?
4
Let i = 2120 + -1714. What is the hundreds digit of i?
4
Suppose 8*h + 112 = -32. What is the tens digit of ((-54)/((-24)/8))/((-4)/h)?
8
What is the hundreds digit of (-9999)/(-9)*(1 - 0)?
1
Suppose 0 = 4*q - 4*g - 4660, 3*q + 2*g - 1695 = 1780. What is the thousands digit of q?
1
Suppose -48 = 3*c - 4*s - 2670, -1737 = -2*c - s. Let i = c + -585. Suppose -i = 2*w - 7*w. What is the tens digit of w?
5
Let g = -12 + 6. Let u = g - -6. Suppose u = 3*y - 69 + 15. What is the units digit of y?
8
Let v(f) = -f**3 - 15*f**2 - 15*f - 12. Let o be v(-14). Suppose -130 = i - 6*i. Suppose -104 = -o*j - i. What is the units digit of j?
9
Let z = -26 + 22. Let q be ((-42)/z)/((-5)/(-10)). Suppose t = -3*w + w + q, -2*w + 71 = 3*t. What is the units digit of t?
5
Suppose 2*w - 5*n = -17, 5*w - 7*w + 33 = 5*n. Suppose -280 = -w*y + 3*a + 2*a, 5*y - 2*a - 350 = 0. What is the units digit of y?
0
What is the hundreds digit of (-32)/8 + 9 + 317?
3
Let g(x) = -x + 17. Let b be g(17). Suppose b = 2*t - 3*t + 86. What is the units digit of t?
6
Let k be 609*(-2 + (-28)/(-12)). Suppose -c - 77 = -k. What is the tens digit of c?
2
Let h(y) = 3*y**2 + 11*y + 40. Suppose -15*r = 167 - 32. What is the hundreds digit of h(r)?
1
Let v(w) = -35*w - 19. Let h be v(-7). Suppose -h = 4*q - 6*q. What is the hundreds digit of q?
1
Let l = 0 - -24. Let k = l + -8. What is the units digit of k?
6
Let k = 315 - 191. Let d = -84 + k. Let z = -24 + d. What is the tens digit of z?
1
Suppose -8*c - 1445 + 8669 = 0. What is the tens digit of c?
0
Let v = 620 - -874. What is the units digit of v?
4
Let p = -21 - -21. Suppose 0 = 5*c + 15, -5*u = 6*c - 2*c + 32. What is the tens digit of (p - 2 - u) + 54?
5
Let i be (-16)/(-24) - (-4)/(-6). Suppose i = -t - 2*t. Let m = 3 - t. What is the units digit of m?
3
Let t be 5/((-20)/12) + 105. Suppose -5 = l - t. What is the units digit of l?
7
Let k(g) = -g**3 + 4. Let j be k(0). Suppose 2*c + j = 0, -v - c = 3*v + 202. Let d = 70 + v. What is the tens digit of d?
2
Suppose -4*j - y + 2699 = 0, -3*y + 1342 = 2*j - 5*y. What is the hundreds digit of j?
6
Let i be (-28)/(-98) - (-150)/14. Suppose 0 = 7*m - i*m + 284. What is the tens digit of m?
7
Let o(z) = z - 14. Let v be o(7). Let y = 35 - v. Suppose -5*r = -63 - y. What is the units digit of r?
1
Suppose -11*n + 33 = -8*n. Suppose -3*y = -n*y + 88. What is the tens digit of y?
1
Let j(c) = -5*c**2 + 2*c + 6*c**2 - 17 - 8 - 3*c. What is the tens digit of j(11)?
8
Let a be (-3 - -2)*-1*-21. Let f = -1 - a. Suppose -f = -q + 9. What is the tens digit of q?
2
Suppose -5*f + 42 = 27. What is the units digit of 2/((-6)/f)*-161 - -3?
4
Suppose -2*s + 744 = 5*i, -2*i + 5*i = 0. What is the hundreds digit of s?
3
Let r be ((-64)/2)/(6/(-6)). Let c = r - -118. What is the hundreds digit of c?
1
Let a(t) = t**3 - 9*t**2 - 7*t + 37. What is the hundreds digit of a(13)?
6
Let l = 456 + -98. What is the hundreds digit of l?
3
What is the tens digit of (-4)/12 + 1788/18?
9
Let t be 0*(-2)/12*2. Suppose i - d - 15 = 0, t = 3*i + 6*d - 2*d - 59. What is the units digit of i?
7
Let p(c) = 6*c + 19. Let r = 37 - 26. Let l be p(r). Let v = l - 16. What is the tens digit of v?
6
Let i = -1051 - -1520. What is the hundreds digit of i?
4
Let z(i) be the second derivative of 65*i**3/3 + i**2/2 - 14*i. What is the units digit of z(1)?
1
Let n = -25 - -25. Suppose 5*x - 17 - 13 = n. What is the units digit of x?
6
Let h(s) = -34*s - 40. What is the units digit of h(-13)?
2
Let n(d) = d**3 - 10*d**2 - 2*d + 6. Let o be n(10). What is the units digit of 7/o*(-139 + 1)?
9
Suppose 2*s - 2*p = 3*s + 2, 2*s = 2*p + 2. Let w(y) = 3*y**2 - y + 82. What is the units digit of w(s)?
2
Let a = -134 + 1150. What is the thousands digit of a?
1
Let c(g) = 18*g - 3. Let b be c(3). Suppose f - b - 26 = 0. What is the tens digit of f?
7
Let s = 1234 - 695. What is the tens digit of s?
3
Suppose -y + 2*y = -2*s + 5, -8 = -5*s - y. What is the hundreds digit of 6 + -7 - (-161 - s)?
1
Suppose -2*a - 2*z + 4 = -3*a, 3*z - 21 = -a. Suppose 3*k = a*k - 81. Let p = k + -20. What is the units digit of p?
7
Let p(k) = -36*k + 1. Let d be p(-9). Suppose -n = -3*c + c - 110, 3*n = c + d. What is the tens digit of n?
0
Let m be (8/(-6))/(1/(-30)). What is the units digit of m*((-12)/(-10))/3?
6
Let v(j) = -j**2 + 4*j - 3. Let z be v(2). Let b be -57*((-2)/(-6) - z). Let o = -21 + b. What is the tens digit of o?
1
Let j(c) = c**3 + 19*c**2 - 40*c - 57. What is the hundreds digit of j(-17)?
2
Suppose -80 = 3*k - k. Let w = 66 + k. What is the units digit of w?
6
Let u(m) = -8*m + 24. Let a(r) = -12*r + 36. Let l(q) = 5*a(q) - 8*u(q). Let d = -23 + 33. What is the tens digit of l(d)?
2
What is the thousands digit of (9/((-72)/(-20296)))/1?
2
What is the tens digit of (-7 - -10)/(4*(-3)/(-13860))?
6
Let f be 5 + (3 - -9)/(-4). Suppose -3 = f*a + 3. What is the units digit of a + (3 + -2)*37?
4
Let l = -2375 + 4153. What is the tens digit of l?
7
Let c = 24 - 22. Let w(z) = 4*z**2 + 16*z + c*z**3 - 4*z**3 + z**3 + 3 - 12*z. What is the tens digit of w(4)?
1
Let z(u) = 35*u + 5. Let w be z(5). What is the units digit of (1 - w/3)*-1?
9
Let b(z) = z - 10. Let p be b(13). Let r(i) = 2*i**2 - 4*i - 1. Let g be r(p). Suppose 5*s + 135 = g*n, 4*s - 12 = -2*n + n. What is the tens digit of n?
2
Suppose -15*d + 24 = -17*d. What is the tens digit of d*((-2)/(-1))/((-4)/9)?
5
Suppose -h + 4*w = h + 54, 6 = -2*w. Let g be h/(-18) - 2/(-12). Suppose g*s - 2 - 5 = x, -2*x = -6. What is the units digit of s?
5
Let i(s) = -s**3 + 5*s**2 - 4. Let l be i(7). What is the units digit of (-4)/(-4 + l/(-26))?
2
Let c(q) = -q + 7. Let i be c(7). Suppose i = -5*t + 8*t - 303. What is the tens digit of t?
0
Suppose 0 = -3*a, -2*p + 4*a + 3 = 41. Suppose -4*y - 5*q + 117 = 0, 2*y + 4*q - 16 - 44 = 0. Let j = y + p. What is the units digit of j?
9
Let a(w) = 2*w**2 - 2*w - 204. What is the tens digit of a(-22)?
0
Let v(k) = 49*k + 165. What is the hundreds digit of v(16)?
9
Suppose 230*j + 453 = 233*j. What is the units digit of j?
1
Suppose -8 = -c - t, -t = t - 8. Suppose 4*k - 6*k = 4*f - 34, -4*f - c*k = -28. What is the units digit of 